{"id":7,"date":"2006-05-01T19:49:54","date_gmt":"2006-05-02T00:49:54","guid":{"rendered":"http:\/\/www.jasminbarriere.com\/olb\/portail\/?page_id=7"},"modified":"2008-01-01T15:56:04","modified_gmt":"2008-01-01T20:56:04","slug":"fichiers-et-modules","status":"publish","type":"page","link":"https:\/\/www.delabible.com\/portail\/?page_id=7","title":{"rendered":"T\u00e9l\u00e9chargement des fichiers et des modules"},"content":{"rendered":"<p>Quoi t\u00e9l\u00e9charger ?<\/p>\n<p>La Bible Online pr\u00e9install\u00e9e pour Windows (version Louis-Segond et codes Strong).<br \/>\nSi vous ne voulez pas vous casser la t\u00eate cliquez sur l&rsquo;un ou l&rsquo;autre  des sites miroirs pour t\u00e9l\u00e9charger gratuitement le logiciel pleinement fonctionnel &lt;&lt;<a href=\"http:\/\/http:\/\/www.delabible.com\/portail\/?page_id=5\">proc\u00e9dure d&rsquo;installation<\/a>&gt;&gt;<\/p>\n<p><a href=\"http:\/\/www.delabible.com\/bible.zip\"><br \/>\nversion Millenium 1.20 en fran\u00e7ais ( version Louis-Segond 1910) 4 MG<\/a><\/p>\n<p><a href=\"http:\/\/www.delabible.com\/fichier\/bible.zip\">version Millenium 1.20 en fran\u00e7ais( version Louis-Segond 1910 &#8211; codes Strong en anglais) 5.5 MG<\/a><\/p>\n<p><a href=\"http:\/\/123-bible.chez.tiscali.fr\/Fichiers\/BibleOnline-LSG2.exe\"><br \/>\nLa Bible Online 1.20 en francais + Version Segond Lsg2<\/a><\/p>\n<p>D&rsquo;autres modules sont disponibles:<\/p>\n<p><a href=\"http:\/\/www.123-bible.com\/\">123-bible <\/a><\/p>\n<p><a href=\"http:\/\/www.online-bible.com\/win8\/drb.exe\"><br \/>\nversion fran\u00e7aise Darby <\/a><\/p>\n<p><a href=\"http:\/\/www.onlinebible.org\/\">OnlineBible.org <\/a><\/p>\n<p><a href=\"http:\/\/www.online-bible.com\/winonlinebible.html\"><br \/>\nCrossCountry Software <\/a><\/p>\n<p><a href=\"http:\/\/www.onlinebible.org\/mac\/index.html\">Modules pour  Mac<\/a><\/p>\n<p><a href=\"http:\/\/www.onlinebible.com\/html\/fre\/OLB_Library_fre.html\">Online Bible &#8211; Fran\u00e7ais Home<\/a><\/p>\n<p>Installer manuellement la Bible Online<\/p>\n<p><a href=\"http:\/\/www.delabible.com\/portail\/?page_id=5\"><br \/>\nInstallation manuelle <\/a><\/p>\n<p>Ajout de nouveaux modules<\/p>\n<p>Menu et aide en fran\u00e7ais  pour la version 1.20 anglaise<br \/>\n<a href=\"http:\/\/www.online-bible.com\/win8\/lsg.exe\">texte seul de la version Louis-Segond 1910<\/a><br \/>\n<a href=\"http:\/\/www.online-bible.com\/win8\/drb.exe\"><br \/>\nversion fran\u00e7aise Darby <\/a><\/p>\n","protected":false},"excerpt":{"rendered":"<p>Quoi t\u00e9l\u00e9charger ? La Bible Online pr\u00e9install\u00e9e pour Windows (version Louis-Segond et codes Strong). Si vous ne voulez pas vous casser la t\u00eate cliquez sur l&rsquo;un ou l&rsquo;autre des sites miroirs pour t\u00e9l\u00e9charger gratuitement le logiciel pleinement fonctionnel &lt;&lt;proc\u00e9dure d&rsquo;installation&gt;&gt; version Millenium 1.20 en fran\u00e7ais ( version Louis-Segond 1910) 4 MG version Millenium 1.20 en &hellip; <a href=\"https:\/\/www.delabible.com\/portail\/?page_id=7\" class=\"more-link\">Continuer la lecture<span class=\"screen-reader-text\"> de &laquo;&nbsp;T\u00e9l\u00e9chargement des fichiers et des modules&nbsp;&raquo;<\/span><\/a><\/p>\n","protected":false},"author":1,"featured_media":0,"parent":0,"menu_order":0,"comment_status":"closed","ping_status":"open","template":"","meta":{"footnotes":""},"_links":{"self":[{"href":"https:\/\/www.delabible.com\/portail\/index.php?rest_route=\/wp\/v2\/pages\/7"}],"collection":[{"href":"https:\/\/www.delabible.com\/portail\/index.php?rest_route=\/wp\/v2\/pages"}],"about":[{"href":"https:\/\/www.delabible.com\/portail\/index.php?rest_route=\/wp\/v2\/types\/page"}],"author":[{"embeddable":true,"href":"https:\/\/www.delabible.com\/portail\/index.php?rest_route=\/wp\/v2\/users\/1"}],"replies":[{"embeddable":true,"href":"https:\/\/www.delabible.com\/portail\/index.php?rest_route=%2Fwp%2Fv2%2Fcomments&post=7"}],"version-history":[{"count":0,"href":"https:\/\/www.delabible.com\/portail\/index.php?rest_route=\/wp\/v2\/pages\/7\/revisions"}],"wp:attachment":[{"href":"https:\/\/www.delabible.com\/portail\/index.php?rest_route=%2Fwp%2Fv2%2Fmedia&parent=7"}],"curies":[{"name":"wp","href":"https:\/\/api.w.org\/{rel}","templated":true}]}}