{"id":11,"date":"2006-05-01T20:51:59","date_gmt":"2006-05-02T01:51:59","guid":{"rendered":"http:\/\/www.jasminbarriere.com\/olb\/portail\/?page_id=11"},"modified":"2008-01-01T23:44:11","modified_gmt":"2008-01-02T04:44:11","slug":"la-bible-sur-un-palm","status":"publish","type":"page","link":"https:\/\/www.delabible.com\/portail\/?page_id=11","title":{"rendered":"La Bible sur un Palm"},"content":{"rendered":"<p>Les ordinateurs de poche permettent maintenant la lecture de livres. Sur son Palm, avoir une version compl\u00e8te de la Bible , pouvoir afficher en un instant un passage, faire une recherche simple ou faire son \u00e9tude quotidienne de la Bible peu importe o\u00f9 on est, c&rsquo;est possible!   Deux fa\u00e7ons de lire la Bible sur un Palm, un WinCE  ou un PocketPc:<\/p>\n<ul>\n<li>Le logiciel   <a href=\"http:\/\/www.delabible.com\/palm.htm#Biblereader\" target=\"_self\">   BibleReader<\/a> de   <a href=\"http:\/\/www.olivetree.com\/handheld\/downloads\/French.html\">OliveTree<\/a> qui permet la lecture et la recherche dans toute la Bible , version Louis-Segond 1910, en fran\u00e7ais (et c&rsquo;est gratuit!). Le fonctionnement de Biblereader ressemble ?  celui de la Bible        Online. On doit installer un moteur et au moins une version de la Bible.<\/li>\n<\/ul>\n<ul>\n<li>Le logiciel   <a href=\"http:\/\/www.delabible.com\/palm.htm#Palm\" target=\"_self\">Palm    Reader<\/a> qui permet de lire les \u00ab\u00a0<em>ebooks<\/em>\u00ab\u00a0. Le logiciel gratuit <strong>   <a href=\"http:\/\/www.palmdigitalmedia.com\/S=d35db3a40fb56a400e675206f149cecbPilh0cCoAAsAABa9efY1571967\/product\/reader\/browse\/free\" target=\"_blank\">   Palm Reader<\/a><\/strong> permet de lire toutes sortes de livres  \u00e9lectroniques.     Ces livres sont vendus ou, comme   <a href=\"http:\/\/www.delabible.com\/palm.htm#livres\" target=\"_self\">   c&rsquo;est le cas ici,<\/a> offerts gratuitement. Vous installez le moteur sur l&rsquo;ordinateur de poche, puis un livre (ou plusieurs). Ce qui est int\u00e9ressant avec ce logiciel c&rsquo;est qu&rsquo;il garde en m\u00e9moire l?  o\u00f9 vous \u00e9tiez . Vous ne revenez pas ?  la premi\u00e8re page. Un moteur pour lire directement sur l&rsquo;\u00e9cran d&rsquo;un ordinateur est aussi disponible.<\/li>\n<\/ul>\n<p align=\"center\"> <img loading=\"lazy\" decoding=\"async\" src=\"http:\/\/www.delabible.com\/palm\/palm.jpg\" border=\"0\" height=\"91\" width=\"69\" \/><\/p>\n<p align=\"center\">  <img loading=\"lazy\" decoding=\"async\" src=\"http:\/\/www.delabible.com\/palm\/ligne645.gif\" border=\"0\" height=\"10\" width=\"645\" \/><\/p>\n<p><strong>BibleReader Le moteur     <a href=\"http:\/\/www.olivetree.com\/handheld\/downloads\/French.html\" target=\"_blank\">     BibleReader de OliveTree<\/a> (gratuit)     <\/strong><\/p>\n<ul>\n<li><strong>       <a href=\"http:\/\/www.olivetree.com\/handheld\/Palm\/Languages\/BibleReaderFrench.zip\">       Palm OS<\/a> <\/strong><\/li>\n<li><strong>       <a href=\"http:\/\/www.inthebeginning.net\/handheld\/WinCE\/WinCEBible.html\">       Pocket PC<\/a><\/strong><\/li>\n<\/ul>\n<p><strong>Modules gratuits:<\/strong><\/p>\n<ul>\n<li><strong>       Louis Segond-1910<\/strong><\/li>\n<\/ul>\n<ul>\n<li><a href=\"http:\/\/www.inthebeginning.net\/handheld\/free\/French.exe\">         French.exe<\/a>        &#8230;&#8230;.<\/li>\n<li><a href=\"http:\/\/www.inthebeginning.net\/handheld\/free\/French.zip\">         French.zip<\/a><\/li>\n<\/ul>\n<ul>\n<li><strong>Darby        en Fran\u00e7ais<\/strong>        ( bibliquest.org)<\/li>\n<\/ul>\n<ul>\n<li><a href=\"http:\/\/www.inthebeginning.net\/handheld\/free\/FrenchDarby.exe\">         FrenchDar.exe<\/a>         &#8230;..<\/li>\n<li><a href=\"http:\/\/www.inthebeginning.net\/handheld\/free\/FrenchDarby.zip\">         FrenchDar.zip<\/a><\/li>\n<\/ul>\n<p><strong>     PalmReaderLe moteur     <a href=\"http:\/\/www.palmdigitalmedia.com\/S=d35db3a40fb56a400e675206f149cecbPilh0cCoAAsAABa9efY1571967\/product\/reader\/browse\/free\">     Palm Reader<\/a>  (gratuit) est requis afin lire les textes &#8211; <em>ebooks <\/em>&#8211;      de format \u00ab<em>pdb\u00bb<\/em><\/strong><\/p>\n<ul>\n<li><a href=\"http:\/\/www.peanutpress.com\/readers\/PeanutReader.zip\">       <strong>Palm<\/strong><\/a><\/li>\n<li><a href=\"http:\/\/www.peanutpress.com\/readers\/WinCEPeanutReader.zip\">       <strong>WindowsCE<\/strong><\/a><\/li>\n<li><a href=\"http:\/\/www.palmdigitalmedia.com\/readers\/PalmReaderWin.exe\">       <strong>Desktop &#8211; Windows <\/strong><\/a><\/li>\n<li><a href=\"http:\/\/www.palmdigitalmedia.com\/readers\/PalmReaderMac.sit\">       <strong>Desktop &#8211; Macintosh<\/strong><\/a><\/li>\n<\/ul>\n<p><strong>Livres <em>&#8211;<\/em>disponibles      (gratuits)en format pdb (PalmReader):<\/strong><\/p>\n<ul>\n<li><a href=\"http:\/\/www.delabible.com\/palm\/proverbes.pdb\" target=\"_self\">       <strong>Les Proverbes<\/strong><\/a>        (58        kb) &#8211; Il y a 31 proverbes &#8211; un par jour, chaque mois&#8230;<\/li>\n<li><a href=\"http:\/\/www.delabible.com\/palm\/evangiles.pdb\" target=\"_self\">       <strong>Les \u00c9vangiles<\/strong><\/a> (293        kb)<\/li>\n<li><strong>L<a href=\"http:\/\/www.delabible.com\/palm\/psaumes.pdb\" target=\"_self\">es        Psaumes<\/a> <\/strong>(167        kb)<\/li>\n<li><a href=\"http:\/\/www.delabible.com\/palm\/ecclesiaste.pdb\" target=\"_self\">       <strong>L&rsquo;\u00c9ccl\u00e9siaste <\/strong> <\/a>(20kb)<\/li>\n<li><a href=\"http:\/\/www.delabible.com\/palm\/Godet_Etudes.pdb\"><strong>       Cat\u00e9chisme de Hedelberg<\/strong><\/a><strong> <\/strong>(135k) <strong>*<\/strong><\/li>\n<li><a href=\"http:\/\/www.delabible.com\/palm\/Godet_Etudes.pdb\"><strong>       \u00c9tudes de Godet <\/strong><\/a> (723k) <strong>*<\/strong><\/li>\n<\/ul>\n<ul>\n<li><a href=\"http:\/\/www.delabible.com\/palm\/pensees.pdb\">       <strong>Les Pens\u00e9es de Pascal<\/strong><\/a>       (205        kb)<\/li>\n<\/ul>\n<ul>\n<li><em>       <a href=\"http:\/\/www.delabible.com\/palm\/cite-celeste-apocalypse.pdb\">       <strong>L&rsquo;Apocalypse*:<\/strong><\/a>       La Cit\u00e9 C\u00e9leste <\/em>   Une \u00e9tude compl\u00e8te du livre de l&rsquo;Apocalypse  (251 kb)<\/li>\n<li><strong><a href=\"http:\/\/www.delabible.com\/palm\/reveil.pdb\"><em>       Messages de R\u00e9veils<\/em><\/a>*       <\/strong>(Yves P\u00e9trakian)-(624        kb)<\/li>\n<li><strong><em><a href=\"http:\/\/www.delabible.com\/palm\/Mariage.pdb\">       Comment        r\u00e9ussir son mariage<\/a><\/em><\/strong><a href=\"http:\/\/www.delabible.com\/palm\/Mariage.pdb\">        * par Yves Petrakian<\/a> (53kb)<\/li>\n<li><em>       <a href=\"http:\/\/www.delabible.com\/palm\/ens-grand-pere.pdb\"><strong>       Les enseignements d&rsquo;un grand        p\u00e8re <\/strong><\/a>  <\/em>       La Gen\u00e8se en 91 le\u00e7ons et 1 Samuel en        43 le\u00e7ons  sous forme de causeries, tr\u00e8s agr\u00e9able ?  m\u00e9diter (765        kb)<\/li>\n<li><strong>       Spurgeon:       <a href=\"http:\/\/www.delabible.com\/palm\/SPURGEON.pdb\"><em>sermons        choisis<\/em><\/a><em> *       (265        kb)<\/em><\/strong><\/li>\n<\/ul>\n<p>* Utilis\u00e9 avec autorisation      sp\u00e9ciale de Yves P\u00e9trakian  <a href=\"http:\/\/123-bible.chez.tiscali.fr\/telecharg.htm\" target=\"_blank\">source      123-Bible<\/a><\/p>\n<ul>\n<li><a href=\"http:\/\/www.logoscom.org\/palm.htm\" target=\"_blank\"><strong>       Autres ressources pour le Palm<\/strong><\/a><\/li>\n<\/ul>\n","protected":false},"excerpt":{"rendered":"<p>Les ordinateurs de poche permettent maintenant la lecture de livres. Sur son Palm, avoir une version compl\u00e8te de la Bible , pouvoir afficher en un instant un passage, faire une recherche simple ou faire son \u00e9tude quotidienne de la Bible peu importe o\u00f9 on est, c&rsquo;est possible! Deux fa\u00e7ons de lire la Bible sur un &hellip; <a href=\"https:\/\/www.delabible.com\/portail\/?page_id=11\" class=\"more-link\">Continuer la lecture<span class=\"screen-reader-text\"> de &laquo;&nbsp;La Bible sur un Palm&nbsp;&raquo;<\/span><\/a><\/p>\n","protected":false},"author":1,"featured_media":0,"parent":0,"menu_order":6,"comment_status":"closed","ping_status":"open","template":"","meta":{"footnotes":""},"_links":{"self":[{"href":"https:\/\/www.delabible.com\/portail\/index.php?rest_route=\/wp\/v2\/pages\/11"}],"collection":[{"href":"https:\/\/www.delabible.com\/portail\/index.php?rest_route=\/wp\/v2\/pages"}],"about":[{"href":"https:\/\/www.delabible.com\/portail\/index.php?rest_route=\/wp\/v2\/types\/page"}],"author":[{"embeddable":true,"href":"https:\/\/www.delabible.com\/portail\/index.php?rest_route=\/wp\/v2\/users\/1"}],"replies":[{"embeddable":true,"href":"https:\/\/www.delabible.com\/portail\/index.php?rest_route=%2Fwp%2Fv2%2Fcomments&post=11"}],"version-history":[{"count":0,"href":"https:\/\/www.delabible.com\/portail\/index.php?rest_route=\/wp\/v2\/pages\/11\/revisions"}],"wp:attachment":[{"href":"https:\/\/www.delabible.com\/portail\/index.php?rest_route=%2Fwp%2Fv2%2Fmedia&parent=11"}],"curies":[{"name":"wp","href":"https:\/\/api.w.org\/{rel}","templated":true}]}}